 (base 3) in base 13?
-14c04
204055 (base 9) to base 14
32196
Convert -218b0 (base 14) to base 11.
-56098
303020003 (base 4) to base 13
74417
Convert 633006 (base 10) to base 7.
5244333
1024224 (base 6) to base 10
50200
What is -1a233b (base 12) in base 6?
-13510115
Convert -a848 (base 11) to base 8.
-33772
3c57c1 (base 14) to base 5
1013332400
Convert -1263cb (base 13) to base 12.
-193b3b
What is -3bc8b1 (base 14) in base 5?
-1012230244
Convert 15567000 (base 8) to base 5.
1410143442
What is -34025230 (base 7) in base 12?
-ba1b31
What is 10130321011 (base 4) in base 12?
483371
Convert 2437377 (base 8) to base 10.
671487
Convert -45561 (base 8) to base 4.
-10231301
-14023012 (base 5) to base 2
-100010101110110001
-574632 (base 9) to base 4
-1110020123
Convert -1264354 (base 7) to base 3.
-22111101121
What is 414565 (base 7) in base 2?
10001011001111101
What is 10004514 (base 7) in base 10?
825171
-1c80a38 (base 13) to base 16
-912666
What is 33180 (base 9) in base 5?
1201043
Convert -1723063 (base 8) to base 11.
-3126a7
Convert -2880 (base 12) to base 11.
-3597
What is -5c49a5 (base 14) in base 16?
-304375
What is -127636 (base 8) in base 3?
-2021200010
What is -36a32 (base 15) in base 14?
-477ca
What is -276262 (base 8) in base 14?
-27734
What is -23702 (base 10) in base 9?
-35455
Convert 304234 (base 8) to base 13.
36995
-27142717 (base 9) to base 12
-458b267
What is 14a129 (base 11) in base 7?
1660345
-49b7462 (base 12) to base 7
-233414153
Convert 212133322332 (base 4) to base 6.
1000151130
What is -28781 (base 9) in base 15?
-5c14
What is 201020211010 (base 3) in base 11?
239789
-311544 (base 7) to base 12
-26b16
-525e (base 16) to base 9
-31828
What is -1020220122021 (base 3) in base 5?
-132330001
Convert 121032030 (base 4) to base 9.
166636
What is 132233301 (base 4) in base 2?
11110101111110001
Convert 26003521 (base 7) to base 15.
317864
11011010110111011100 (base 2) to base 12
372964
What is -18b30 (base 14) in base 2?
-1111010001100110
What is -11036845 (base 9) in base 4?
-110113200110
Convert -37605 (base 10) to base 8.
-111345
Convert db9b3 (base 16) to base 3.
1200200220002
-2422322140 (base 5) to base 15
-76e265
Convert -1649fc (base 16) to base 3.
-2202012202012
Convert -30492e (base 15) to base 13.
-624020
Convert -763356 (base 8) to base 10.
-255726
40527a0 (base 11) to base 9
14426784
-ab1c0 (base 15) to base 5
-114400110
What is 212100200121 (base 3) in base 2?
1110000001111111100
What is 1011101100011 (base 2) in base 7?
23312
Convert 132302133133 (base 4) to base 14.
1101539
What is -43b0 (base 15) in base 13?
-66b1
-330122321 (base 4) to base 11
-159a33
c33c28 (base 14) to base 6
353005500
What is 104843 (base 9) in base 3?
10011221110
-67013 (base 10) to base 8
-202705
Convert 70313 (base 10) to base 16.
112a9
Convert -620335 (base 7) to base 3.
-12101011011
-30164 (base 15) to base 13
-54373
-20318 (base 11) to base 16
-73e0
-156950 (base 12) to base 7
-3044625
-15244031 (base 6) to base 4
-2002210303
Convert -2532763 (base 10) to base 15.
-3506ad
200120112212 (base 3) to base 15
73505
Convert 57561 (base 13) to base 9.
262226
What is 865280 (base 11) in base 12?
56859b
-2685650 (base 11) to base 10
-4633992
Convert de2b1 (base 16) to base 15.
12e96b
Convert -14116746 (base 8) to base 9.
-5885516
What is -136115 (base 10) in base 16?
-213b3
What is 85eb26 (base 16) in base 15?
b85691
What is -2033244 (base 5) in base 3?
-1201001111
10211212012221 (base 3) to base 15
2a5aa1
Convert 3233c5c (base 13) to base 15.
1528747
What is 225da (base 15) in base 3?
12112222021
What is 1033300103 (base 4) in base 16?
4fc13
What is 868062 (base 9) in base 11?
323a08
6a70ab (base 14) to base 12
1270b67
20111220221 (base 3) to base 2
11111010011111000
Convert -5221054 (base 6) to base 7.
-2065513
-51bbb5 (base 12) to base 5
-312120000
What is 2154324 (base 6) in base 11?
74618
1105032 (base 7) to base 6
2530310
Convert -30131141 (base 5) to base 9.
-404532
17720544 (base 8) to base 14
7a79d2
-21c15 (base 14) to base 16
-1401b
Convert -1031232213 (base 4) to base 10.
-318375
What is bb0a0 (base 13) in base 15?
6a448
2000010100010 (base 3) to base 15
1609b0
What is -66004147 (base 8) in base 13?
-2c19294
What is -133203232 (base 4) in base 12?
-6297a
What is -2003212011 (base 4) in base 7?
-4403316
1557607 (base 8) to base 12
198807
What is 576033 (base 13) in base 7?
23406603
Convert 222203301 (base 4) to base 7.
1324140
What is -11010101111010001 (base 2) in base 7?
-634206
What is -30a3b87 (base 12) in base 11?
-51a5219
What is 10037ab (base 13) in base 4?
102130112210
-423304134 (base 6) to base 15
-9c0304
11011 (base 7) to base 2
101011000000
125199 (base 10) to base 16
1e90f
1053022 (base 8) to base 15
59303
Convert 44d4d1 (base 14) to base 4.
20323223133
What is -42541 (base 6) in base 10?
-5821
What is 113331533 (base 6) in base 3?
11000001220110
Convert -1301331 (base 4) to base 3.
-101000010
8474663 (base 9) to base 14
861674
What is 101212011000002 (base 3) in base 8?
26005465
What is -1011111021 (base 3) in base 10?
-22957
What is -130333322 (base 4) in base 2?
-11100111111111010
Convert -300323342 (base 5) to base 2.
-100100000110011111100
Convert -513305 (base 6) to base 15.
-c1e2
Convert -51a90 (base 12) to base 13.
-398b5
What is -2876855 (base 9) in base 11?
-993877
What is 4342749 (base 10) in base 15?
5abb19
101010001101111010110 (base 2) to base 3
2121021122101
12240474 (base 8) to base 10
2703676
What is 13121312203 (base 4) in base 8?
7316643
What is 2b80b80 (base 12) in base 13?
1aba4a2
Convert 14663656 (base 7) to base 14.
28a19d
Convert 2433402440 (base 5) to base 13.
126a0a9
Convert -23a966 (base 12) to base 8.
-2151736
-240432110 (base 6) to base 4
-101032022022
Convert 56615434 (base 7) to base 11.
2867087
-675460 (base 8) to base 10
-228144
What is -efbcfb (base 16) in base 11?
-89612a7
Convert -37227 (base 11) to base 8.
-150407
Convert -672c6d (base 15) to base 16.
-4b1372
What is -8214403 (base 10) in base 3?
-120110100001011
-4011512 (base 7) to base 13
-137744
What is 210113131 (base 4) in base 15?
2e207
What is -5770 (base 14) in base 16?
-3b56
What is -1001010011110010011001 (base 2) in base 3?
-11120222112011
What is 13364 (base 15) in base 2?
1111000001001111
What is 200001113 (base 4) in base 9?
218822
-62717 (base 11) to base 8
-262355
Convert 20067502 (base 8) to base 13.
b4b0b9
Convert 1000101100001000 (base 2) to base 12.
18720
Convert 1f4b3c (base 16) to base 5.
1011112001
Convert 100120104 (base 6) to base 7.
20236120
-14017557 (base 8) to base 5
-1301410100
What is -14907c (base 13) in base 3?
-221200022000
Convert -235630 (base 14) to base 9.
-2237075
What is 19b412 (base 13) in base 2?
10011111011110010000
Convert -230943 (base 10) to base 13.
-8116b
44022003 (base 5) to base 8
1337267
Convert -67063 (base 8) to base 16.
-6e33
What is 2138875 (base 11) in base 14?
6dc28a
Convert d89186 (base 14) to base 2.
11011111100000110010010
Convert 2a78140 (base 12) to base 9.
17186603
What is 3302212 (base 4) in base 5?
444101
Convert 13a1a3 (base 14) to base 7.
5533663
-1b4657 (base 15) to base 16
-144fee
-151523 (base 7) to base 11
-20113
Convert -210201121 (base 3) to base 7.
-64114
5516360 (base 7) to base 5
133130203
What is -680344 (base 9) in base 15?
-8092a
Convert -31041306 (base 7) to base 6.
-131405310
What is -11135111 (base 7) in base 10?
-966974
b47265 (base 12) to base 2
1010110011100010101101
1388874 (base 10) to base 12
56b8b6
6651442 (base 7) to base 8
3100156
What is 3203201313 (base 5) in base 7?
110616625
What is 613060 (base 9) in base 7?
3041406
-1841713 (base 9) to base 6
-34034533
Convert 22034436 (base 9) to base 16.
a28880
Convert 6a2473 (base 13) to base 3.
11201221202222
What is -437ca9 (base 14) in base 4?
-20232221331
What is -20101112200022 (base 3) in base 12?
-1179468
What is 57e64 (base 16) in base 9?
607780
-43303221 (base 5) to base 14
-98786
What is -2100122220000 (base 3) in base 12?
-5051a6
Convert 21588083 (base 9) to base 4.
213313201023
Convert 4515198 (base 10) to base 12.
1618b66
What is 1405322 (base 6) in base 8?
232162
What is 15204625 (base 7) in base 14?
299515
Convert -643360 (base 11) to base 7.
-11514565
What is 9127602 (base 10) in base 8?
4